{"id":4597,"date":"2016-09-06T14:52:06","date_gmt":"2016-09-06T14:52:06","guid":{"rendered":"http:\/\/chaos-larp.de\/?page_id=4597"},"modified":"2016-09-07T14:39:48","modified_gmt":"2016-09-07T14:39:48","slug":"dragon-sys-regelerweiterungen-des-chaos-larp-e-v","status":"publish","type":"page","link":"http:\/\/chaos-larp.de\/?page_id=4597","title":{"rendered":"Dragon Sys Regelerweiterungen des Chaos-LARP e.V."},"content":{"rendered":"<p>Hier findet ihr ein paar Erg\u00e4nzungen und \u00c4nderungen zum modifizierten Dragon Sys.<br \/>\nNicht, dass das Regelwerk an sich nicht gut w\u00e4re. Aber f\u00fcr einen besseren Ablauf und f\u00fcr mehr Spielspass haben wir uns ein paar \u00c4nderungen einfallen lassen.<br \/>\nDie Regelerweiterungen zum modifizierten Dragon Sys findet ihr <a href=\"http:\/\/chaos-larp.de\/wp-content\/uploads\/2016\/09\/Dragon_Sys_Regelmodifikation.pdf\"><strong>hier<\/strong><\/a>. (pdf, 121 kb)<\/p>\n<p>Wir haben uns auch ein Regelwerk f\u00fcr ein leicht vernachl\u00e4ssigtes Themengebiet ausgedacht:<br \/>\nSpuren Lesen, Trail Signs und Jagdregeln.<br \/>\nDiese Erweiterung k\u00f6nnt ihr <a href=\"http:\/\/chaos-larp.de\/wp-content\/uploads\/2016\/09\/spuren_lesen.pdf\"><strong>hier<\/strong><\/a> downloaden. (pdf, 202 kb)<\/p>\n<p>Daneben gibt es noch ein Leitfaden f\u00fcr die Gemeinschaft der T\u00edrnEryn, diesen kann man <a href=\"http:\/\/chaos-larp.de\/wp-content\/uploads\/2016\/09\/tirn_eryn.pdf\"><strong>hier<\/strong><\/a> bekommen. (pdf, 195 kb)<\/p>\n<p>Wir haben auch ein Kr\u00e4uter- und Trankkunde-Regelwerk, dass von einigen Vereinsmitglieder erstellt worden ist.<br \/>\nDieses kann man <a href=\"http:\/\/chaos-larp.de\/wp-content\/uploads\/2016\/09\/Krauter_Trankregelwerk.zip\"><strong>hier<\/strong><\/a> finden. (zip, 341 kb, 3 Dateien als pdf)<\/p>\n","protected":false},"excerpt":{"rendered":"<p>Hier findet ihr ein paar Erg\u00e4nzungen und \u00c4nderungen zum modifizierten Dragon Sys. Nicht, dass das Regelwerk an sich nicht gut w\u00e4re. Aber f\u00fcr einen besseren Ablauf und f\u00fcr mehr Spielspass haben wir uns ein paar \u00c4nderungen einfallen lassen. Die Regelerweiterungen &hellip; <a href=\"http:\/\/chaos-larp.de\/?page_id=4597\">Weiterlesen <span class=\"meta-nav\">&rarr;<\/span><\/a><\/p>\n","protected":false},"author":1,"featured_media":0,"parent":0,"menu_order":0,"comment_status":"closed","ping_status":"closed","template":"","meta":{"ngg_post_thumbnail":0,"footnotes":""},"class_list":["post-4597","page","type-page","status-publish","hentry"],"_links":{"self":[{"href":"http:\/\/chaos-larp.de\/index.php?rest_route=\/wp\/v2\/pages\/4597","targetHints":{"allow":["GET"]}}],"collection":[{"href":"http:\/\/chaos-larp.de\/index.php?rest_route=\/wp\/v2\/pages"}],"about":[{"href":"http:\/\/chaos-larp.de\/index.php?rest_route=\/wp\/v2\/types\/page"}],"author":[{"embeddable":true,"href":"http:\/\/chaos-larp.de\/index.php?rest_route=\/wp\/v2\/users\/1"}],"replies":[{"embeddable":true,"href":"http:\/\/chaos-larp.de\/index.php?rest_route=%2Fwp%2Fv2%2Fcomments&post=4597"}],"version-history":[{"count":4,"href":"http:\/\/chaos-larp.de\/index.php?rest_route=\/wp\/v2\/pages\/4597\/revisions"}],"predecessor-version":[{"id":4616,"href":"http:\/\/chaos-larp.de\/index.php?rest_route=\/wp\/v2\/pages\/4597\/revisions\/4616"}],"wp:attachment":[{"href":"http:\/\/chaos-larp.de\/index.php?rest_route=%2Fwp%2Fv2%2Fmedia&parent=4597"}],"curies":[{"name":"wp","href":"https:\/\/api.w.org\/{rel}","templated":true}]}}